5
Suppose t - 3*t = 2*x - 6, x = t + 9. Suppose -x*q = -13*q + 7. Let s(y) = -y + 1 + 2*y - 2 - q. What is s(0)?
-2
Let a = 73 - -240. Suppose -308*l + a*l + 35 = 0. Let r(s) = -s**2 - 6*s + 1. Determine r(l).
-6
Let c(w) = -76*w + 274. Let l(r) = -3*r + 15. Let n(m) = c(m) - 18*l(m). Calculate n(0).
4
Let t(z) = -z**2 + 3*z + 6*z - 4*z - 4. Let o(s) = -2*s**2 + 5579*s + 22348. Let n be o(-4). Calculate t(n).
-4
Let u(d) = -d**3 - 11*d**2 - 29*d - 43. Let q be (-32)/10*(-2340)/(-936). Give u(q).
-3
Let j(s) = 24*s + 10. Let w(z) = -11*z - 4. Let d(h) = 3*j(h) + 7*w(h). Suppose b + 0 = 2*t - 4, -2*b = 5*t - 1. Give d(t).
-3
Let i(m) be the second derivative of m**4/12 - 5*m**3/6 + 7*m**2/2 + m - 25. What is i(4)?
3
Let q(i) = -i - 11. Suppose 0 = -23*l - 44*l - 335. What is q(l)?
-6
Let y = 1804 + -1799. Let s(a) be the second derivative of -3/2*a**3 + 10*a + 2/3*a**4 + 9/2*a**2 - 1/20*a**y + 0. Determine s(7).
-5
Let l = -28506 + 28498. Let z(u) = 23*u + 189. Calculate z(l).
5
Let x(j) = -j**3 - 6*j**2 - 5*j + 1. Suppose 0 = 5*m - 4*m + p - 180, -3*p = 5*m - 894. Let s = m - 183. Give x(s).
31
Let i(o) be the third derivative of o**5/60 + 13*o**4/24 - 2*o**2 + 207580. Suppose -5*v - 52 = -v. Calculate i(v).
0
Let n(s) be the third derivative of -9*s**5/20 + s**4/8 + s**3/2 - 14*s**2 - 7*s. Determine n(-1).
-27
Let z be (4/(-6))/(-2) - 357/(-9). Suppose 0 = 18*h - 22*h - z. Let l be ((-1)/((-3)/6))/(5/h). Let j(d) = -d**2 - 5*d - 5. Determine j(l).
-1
Let w(z) be the third derivative of z**6/120 + 41*z**5/60 - 43*z**4/12 + z**3/3 + 8133*z**2. Calculate w(-43).
2
Suppose 0 = 5*l - 2*n - 38, 2*l - 5*n + 1 = 12. Suppose -x + 7 = 2*j, -5*j + 2*j = 4*x - l. Let b(z) = 27*z**3 + z**2 + z. Give b(x).
-27
Let h(u) = -u**3 + u**2 + 5*u + 10. Suppose 0 = -28*a + 19*a - 27*a - 12*a. Determine h(a).
10
Let o be 3*-1*3*(-25)/(375/10). Let k(r) = 16*r - 50. What is k(o)?
46
Let j(s) = s**2 + 3*s - 1. Suppose 2*w - 9 + 3 = 0. Suppose 4*l = t - 18, 9 = -l + t + w. What is j(l)?
3
Let x = 3 + -2. Let b(f) be the third derivative of f**5/5 - f**4/24 + 10013*f**2. Give b(x).
11
Let o be (460 - -5) + (-3 - 1)/1. Suppose -5*f - o = -506. Let a(n) = -n**3 + 8*n**2 + 8*n - 13. What is a(f)?
-22
Let u(n) be the second derivative of -45 - 9/2*n**2 - 3*n + 1/6*n**3. Give u(-5).
-14
Let o(h) = -h**2 + 12*h - 11. Let c be ((-48)/(312/(-13)))/2. Calculate o(c).
0
Let z = 16 + -22. Let j(y) = y - 2631 - 6*y**2 + 5448 - y**3 - 2824. What is j(z)?
-13
Let l(x) be the first derivative of 4*x**3/3 + 23*x**2/2 - 12*x - 66. Calculate l(-6).
-6
Let y(v) = -v**3 - 6*v**2 - v - 8. Let u be y(-6). Let o(w) be the first derivative of w**3/3 + 3*w**2/2 + 3*w - 3097. Give o(u).
1
Let x(t) be the second derivative of 0 - 149*t - 51/2*t**2 - 1/3*t**3. Give x(-22).
-7
Let z(b) be the second derivative of 1/6*b**3 + 1/6*b**4 + 2 - 1/20*b**5 + 1/2*b**2 + 114*b. What is z(2)?
3
Suppose 4*k = -4*o + 4, o = 3*k - 0*k + 9. Let l be 4 + 1 + -4 + -1 + o. Let b(v) = 145*v**3 - 70*v**3 + l - 5*v**2 + 3*v - 74*v**3. Calculate b(4).
-1
Suppose -3*v + 214 = -2*c, 2*c - 3*c = -v + 70. Let j(q) = -72*q + 7 + 140*q - v*q - q**3 + 0*q**3 - 8*q**2. Calculate j(-7).
0
Let x(h) = -h**3 - 19*h**2 + 64*h - 42. Let a be x(-22). Let u(g) = 16 + 17 - 32 - g. Determine u(a).
-1
Let w(k) = -269*k - 104. Let d be w(4). Let c be 3/(-5)*d/177 - 4. Let u(l) = 0*l + l**3 + l + 0*l**3 - l**2 + 6. Determine u(c).
6
Let z = 846 - 831. Let l(p) = -p**2 + 13*p + 31. Give l(z).
1
Suppose 0 = 24*f - 19*f - 10. Let t(a) = -3 + a**3 - 2*a + 13*a**f + 4 - 18*a**2. Calculate t(5).
-9
Let c(h) = h**2 + 7*h. Let n(x) = 17*x**2 - 1. Let y be n(-1). Let u(b) = -20*b + 333 + 22*b - 371. Let g be u(y). Calculate c(g).
-6
Let y(t) = -30*t + 23. Let w(m) = 15*m - 12. Let q(b) = -7*w(b) - 4*y(b). Let s(k) = 7*k - 4. Let u(j) = -6*q(j) + 13*s(j). Give u(8).
4
Suppose -4 = -4*z + 4. Suppose 11 = 5*a - i - 5, -20 = -3*a - z*i. Let x(q) = -6 - 4 + 28*q - 24*q + a. Give x(6).
18
Let a(p) = 1655*p**2 - 10 + 0*p**3 - 1655*p**2 + p - p**3. Determine a(3).
-34
Let t(p) = 2*p**2 - 2*p**3 - p**2 - 2*p**2. Suppose 93 = -2*q - 7*y, 4*q + 905*y + 69 = 900*y. Determine t(q).
1
Let d = 36 + -32. Suppose -d*y = -14*y + 10. Let t be (3 - y)*(-2)/4. Let m(x) = 3*x**3 - x. Give m(t).
-2
Let y(u) = -2*u**3 + 16*u**2 + 14*u + 8. Let f be y(8). Let a be (15/(-12))/((-25)/f). Let q(w) = -2*w + 8. Give q(a).
-4
Let b(p) = p**3 + 10*p**2 + 8*p - 6. Suppose 262 = 5*z + 3*j - 5*j, -z = -j - 53. Let y = 103 - z. Suppose 0*c + 6 = -a - c, 5*c = 4*a + y. Determine b(a).
3
Let w(b) = 12 - 45*b + 56*b - 6430*b**2 + 6429*b**2. Determine w(12).
0
Let z = 41 + -30. Suppose 3*m = -z + 5. Let w be (-3 - -2) + m/(-2). Let y(i) = -i**3 - i**2 - i + 12. Calculate y(w).
12
Let a(b) be the second derivative of -5*b**3/6 - 5*b**2/2 - b + 397. Calculate a(-14).
65
Let u = -6 - -77. Suppose l - 4 = 0, 5*a - l = 42 - u. Let n(j) = j**3 + 4*j**2 - 4*j - 7. Calculate n(a).
-12
Let g(f) = -f**3 - 10*f**2 + 27*f + 29. Let p be g(-12). Let q(z) = z**2 + 6*z - 9. Determine q(p).
-2
Let t(d) = 22*d**2 + 111*d - 509. Let s(g) = 5*g**2 + 27*g - 127. Let i(p) = 9*s(p) - 2*t(p). What is i(5)?
5
Suppose 310 = -5*l - 0*l + 2*b, -4*l = -2*b + 250. Let c be 1/(-6 + l/(-18) - -3). Let m(x) = x**3 + 3 - x - 3*x + x - 3*x**2. Calculate m(c).
-6
Let k(i) = -72 + 255 - 64 - 68 + 20*i - 73. Give k(1).
-2
Let k = 21626 - 21614. Let m(z) = 6*z - 69. What is m(k)?
3
Suppose -14*m - 12 = -18*m. Suppose 0 = -m*x + 18 + 9. Let p(s) = -s**3 + 8*s**2 + 9*s - 10. Calculate p(x).
-10
Suppose -4*p + p + 6 = 0. Let j(u) be the second derivative of u**3 - 3*u**2/2 - 290*u - 1. Determine j(p).
9
Let w(m) = -38*m + 324. Let h(a) = 115*a - 1025. Let v(b) = -2*h(b) - 7*w(b). Give v(6).
-2
Let a(w) be the second derivative of w**4/12 - w**3/6 + w**2/2 + w. Let d(b) = b**2 - 8*b - 56. Let l be d(0). Let t be 5/(-2)*25/(1750/l). What is a(t)?
3
Suppose 0 = -111*m - 2825 + 383. Let f(z) = z**2 + 23*z + 14. Give f(m).
-8
Let f(i) = -i**2 + i + 4. Suppose 0 = 5*m - 502 + 152. Suppose 2*b - m = -12*b. Give f(b).
-16
Suppose 3*m = 2*m + 57. Let s = -31 + m. Let r(l) = -51*l + 24*l - 1 + s*l. What is r(-6)?
5
Let f(t) = t**2 + 13*t - 75. Let h = -7982 + 7965. Give f(h).
-7
Let c(t) be the second derivative of t**6/720 - t**5/30 - t**4/12 + 4*t**3 - 41*t. Let j(v) be the third derivative of c(v). What is j(0)?
-4
Let k(m) = -9*m**3 + 16*m**2 - m + 11. Let t(b) = 4*b**3 - 8*b**2 - 5. Let v(z) = -3*k(z) - 7*t(z). Let x be -3 + -1 + (-5)/((-10)/24). Determine v(x).
26
Let y(m) = m**2 - 9*m + 8. Let v(q) = q**3 + 3*q**2 - 6*q + 12. Let z be v(-6). Let o be 6096/z + 2/(-5). Let b be 8/(-28) + o/(-14). Determine y(b).
-6
Let k be (-8)/(-36) + ((-208)/(-36) - 3). Let z be -1 + k - 4/(-2). Let h be (z/6)/(2/(-3)). Let v(g) = -14*g - 1. Calculate v(h).
13
Let b(r) = -2*r + 4. Suppose 5*d + 18 = -3*t, 3*d - 126*t + 122*t = -5. Calculate b(d).
10
Let o = -22904 + 22906. Let s(c) = 3*c**2 + 9*c - 9. Give s(o).
21
Let i(w) = -5*w**2 + w - 1. Suppose 5*x + 24 = -l - 16, 0 = 4*x + 3*l + 21. Let o(p) = 19*p**2 - 5*p + 4. Let u(q) = x*i(q) - 2*o(q). Give u(-1).
7
Let l(k) = k**3 - 4*k**2 + 5*k - 4. Let m be l(3). Let z(p) = 3*p + 9. Let g(c) = -2177*c + 8 - 3 - 2 + 2178*c. Let h(v) = m*z(v) - 7*g(v). Calculate h(-8).
5
Let s(i) be the second derivative of 2*i**3/3 + 79*i**2 - 1891*i. What is s(-38)?
6
Let v(f) = f - 1. Let b(c) = -4*c + 153. Let s(l) = b(l) - 5*v(l). Let p be s(17). Let m(h) = 2*h**2 - 7*h + 3. Determine m(p).
18
Let l = 720 + -408. Let u be 4*(-2)/(-36) - l/(-54). Let k(n) = -n + 0*n + 0*n - u. Calculate k(-6).
0
Let n(f) = -260 + 85 - 8*f**2 + 6*f**2 + 89 - f**3 + 2*f + 81. What is n(0)?
-5
Suppose 0 = 12*t + 608 - 1160. Let d(v) = 4*v - 197. Determine d(t).
-13
Let g be (-16)/(-24)*-9 - ((-6)/2 + 10). Let z(s) = -12*s - 148. Give z(g).
8
Let z(j) = -j**3 + j + 24. Let k be z(0). Suppose -k = -11*i + 5*i. Let s(o) = -7*o - i*o + 10*o - 2. Calculate s(5).
-7
Let c(d) = -d**3 + d - 3. Suppose 0 = 4*a - 7*a. Let w be c(a). Let g(q) = -5*q + 396 - 400 + q + 3*q. Determine g(w).
-1
Let g(t) = t**2 - 24*t - 58. Let r be g(26). Let k be 2/(-4)*((-11 - r) + 5). Let u(b) = -b**2 + b + 15. Determine u(k).
15
Let l(p) = 2*p - 18. Let r(b